) = 53*f - 366. Calculate n(7).
5
Let h(k) = 5*k**3 - 16*k**2 + 2*k - 2. Determine h(3).
-5
Let g(r) = 606*r + 5453. Calculate g(-9).
-1
Let a(c) = -c**2 - 308*c - 21059. Give a(-103).
56
Let a(u) = -62*u**3 - u**2 + 9*u + 10. Calculate a(-1).
62
Let s(q) = -q**3 + 9*q**2 + 22*q - 91. What is s(10)?
29
Let p(t) = -t**3 + 18*t**2 + 10*t - 7. Calculate p(19).
-178
Let n(s) = s**2 + 86*s - 3921. Determine n(-119).
6
Let j(w) = -2*w**3 - 76*w**2 + 8*w + 305. Determine j(-38).
1
Let k(o) = -264*o - 4207. Calculate k(-16).
17
Let i(x) = 8*x + 47. Calculate i(-5).
7
Let z(t) = -3*t**2 - 175*t - 741. Calculate z(-54).
-39
Let m(q) = 390*q - 2729. What is m(7)?
1
Let u(t) = t**3 - 22*t**2 + 19*t + 31. Determine u(22).
449
Let j(w) = 37*w + 500. Calculate j(-12).
56
Let u(q) = q**3 - 17*q**2 + 27*q + 84. Calculate u(11).
-345
Let n(z) = 48*z + 251. Calculate n(-5).
11
Let c(f) = -2*f**3 - 60*f**2 + 44*f + 1162. Determine c(-30).
-158
Let t(i) = -i**3 + 18*i**2 + 321*i - 25. What is t(29)?
33
Let t(a) = 31*a**3 + 2*a**2. Give t(-1).
-29
Let z(t) = -700*t - 7726. What is z(-11)?
-26
Let q(b) = -b**3 + 58*b**2 - 116*b + 63. What is q(56)?
-161
Let k(i) = -33*i - 513. Calculate k(-18).
81
Let i(q) = -q**3 + q**2 - q - 19. Give i(-3).
20
Let y(q) = 9*q**2 + 13*q - 35. Calculate y(-3).
7
Let n(r) = 5*r**2 + 495*r - 1518. What is n(3)?
12
Let u(p) = -46*p - 223. Give u(-6).
53
Let r(q) = 8*q**2 + 625*q + 2432. Give r(-74).
-10
Let u(k) = 633*k + 3798. What is u(-6)?
0
Let z(v) = 9*v**2 - 21*v + 89. What is z(11)?
947
Let r(y) = -y**3 + 38*y**2 + 1665*y - 82. Give r(64).
-18
Let n(c) = 3*c**2 - 29*c + 25. Calculate n(9).
7
Let u(c) = 19*c**2 - 1668*c + 3336. Determine u(2).
76
Let g(p) = -27*p + 143. What is g(-4)?
251
Let a(m) = m**2 - 30*m + 224. Calculate a(12).
8
Let o(s) = s**2 + 57*s + 621. What is o(-16)?
-35
Let b(c) = -c**3 + 19*c**2 - 45*c - 45. Calculate b(16).
3
Let u(y) = -2*y**2 + 51*y - 69. Calculate u(23).
46
Let b(x) = -2*x**3 + 8*x**2 - 10*x - 5. Give b(6).
-209
Let k(r) = -8918*r - 35675. What is k(-4)?
-3
Let i(s) = -87*s + 577. Calculate i(7).
-32
Let p(o) = 640*o + 623. What is p(-1)?
-17
Let n(a) = a**3 - 4*a**2 + 84*a - 360. Calculate n(4).
-24
Let z(f) = -f - 29. Determine z(-27).
-2
Let j(k) = k**3 + 44*k**2 + 427*k + 84. Give j(-14).
-14
Let z(o) = 259*o + 904. Give z(-4).
-132
Let h(b) = b**3 + 8*b**2 - 14*b + 55. Give h(-9).
100
Let z(m) = 4071*m - 142484. Give z(35).
1
Let g(c) = 595*c - 69. What is g(1)?
526
Let n(d) = -3*d**2 - 31*d - 96. Give n(-9).
-60
Let s(x) = -129*x - 130. Give s(1).
-259
Let q(k) = -47*k + 1429. Determine q(24).
301
Let j(y) = -y**3 + 18*y**2 + 38*y + 23. Give j(20).
-17
Let s(q) = 2*q**3 + 20*q**2 + 47*q + 8. What is s(-6)?
14
Let w(g) = g**2 - 22*g + 46. Determine w(11).
-75
Let x(r) = -r**2 + 26*r - 27. What is x(18)?
117
Let c(n) = 1651*n + 13186. Determine c(-8).
-22
Let a(g) = -2*g**2 - 65*g + 2489. Determine a(-55).
14
Let m(x) = x**2 - 946*x + 45638. Calculate m(51).
-7
Let f(u) = u**3 + 6*u**2 - 42*u - 7. Determine f(-10).
13
Let o(l) = -14593*l - 58370. Calculate o(-4).
2
Let s(k) = k**3 + k**2 - 5*k + 49. Calculate s(-5).
-26
Let q(f) = -f**3 + 11*f**2 - 8*f - 5. Determine q(7).
135
Let v(a) = -395*a + 3587. Give v(9).
32
Let i(a) = -a**3 + 3*a**2 + 59*a + 1. Give i(10).
-109
Let h(n) = -n**2 - 25*n + 187. Give h(-32).
-37
Let t(l) = 9*l**2 - 12*l - 47. Give t(-3).
70
Let n(a) = -5*a**3 - 5*a**2 + 4*a - 15. Determine n(4).
-399
Let o(d) = 14*d**2 - 60*d - 271. Calculate o(7).
-5
Let i(x) = -x**3 + 23*x**2 + 55*x - 130. What is i(25)?
-5
Let p(c) = -2108*c - 10539. Determine p(-5).
1
Let x(a) = -3*a**3 - 13*a**2 + 11*a + 7. What is x(-5)?
2
Let m(j) = j**2 - 417*j - 837. Give m(-2).
1
Let s(g) = 15*g**2 - 1799*g - 115. Calculate s(120).
5
Let u(k) = -2*k + 25. Give u(-6).
37
Let z(p) = -27*p**2 - 402*p + 50. Give z(-15).
5
Let z(q) = -158*q**3 + 51*q**2 + 50*q. What is z(-1)?
159
Let l(r) = 189*r - 614. Give l(3).
-47
Let v(l) = 2166*l - 4342. Calculate v(2).
-10
Let m(b) = -27*b - 312. Give m(-14).
66
Let t(v) = 37*v**2 - 259*v - 19. Calculate t(7).
-19
Let l(m) = -2*m**2 + 248*m + 21112. Calculate l(182).
0
Let q(a) = -3*a**2 - 95*a - 558. What is q(-25)?
-58
Let q(y) = -6*y**3 + 97*y**2 - 44*y + 446. Determine q(16).
-2
Let p(o) = 2640*o - 2639. What is p(1)?
1
Let v(f) = 26*f**2 + 52*f + 52. Give v(-2).
52
Let k(i) = -i**2 - 6*i + 31. Calculate k(9).
-104
Let o(m) = 221*m + 1332. Give o(-6).
6
Let w(f) = -2*f**3 + 21*f**2 + 169*f. Give w(16).
-112
Let z(k) = -k**2 - 107*k + 556. What is z(-112)?
-4
Let m(s) = 85*s - 13923. Calculate m(164).
17
Let p(w) = -w**3 - 22*w**2 - 30*w + 98. What is p(-21)?
287
Let y(u) = -u**3 - 47*u**2 + 262*u + 105. Calculate y(-52).
1
Let w(c) = -17*c**2 - 116*c - 940. What is w(-8)?
-1100
Let w(g) = -688*g - 4069. Give w(-6).
59
Let m(l) = -2*l**2 + 1857*l - 11072. Give m(6).
-2
Let n(t) = -236*t - 22208. Determine n(-94).
-24
Let w(m) = -68*m - 2077. Give w(-31).
31
Let c(q) = -4*q**3 - 20*q**2 - 124*q - 850. Determine c(-6).
38
Let n(i) = -11*i**3 + 188*i**2 - 16*i + 54. What is n(17)?
71
Let m(q) = q**3 - 7*q**2 + 2*q - 28. Determine m(6).
-52
Let v(t) = 2*t**3 + 5*t**2 - 5*t - 19. What is v(-3)?
-13
Let j(f) = f**3 - 10*f**2 - 724*f + 5921. What is j(8)?
1
Let l(u) = u**3 + 3*u**2 - 117*u + 7. What is l(0)?
7
Let i(k) = -3*k**2 - 221*k + 782. Calculate i(-77).
12
Let n(f) = -1878*f + 285453. Calculate n(152).
-3
Let w(g) = 2*g**2 - 19*g - 441. Give w(-11).
10
Let q(k) = -k**3 - 51*k**2 - 137*k + 324. What is q(-48)?
-12
Let v(o) = 471*o**2 - 9416*o - 102. Give v(20).
-22
Let s(x) = 6*x**3 + 155*x**2 - 26*x. Determine s(-26).
0
Let s(k) = 2*k**3 - 13*k**2 - 4*k - 35. Calculate s(7).
-14
Let k(l) = -6*l**2 + 31*l + 2221. Give k(22).
-1
Let j(g) = g**2 + 24*g + 210. What is j(-24)?
210
Let w(s) = 3*s**3 - 269*s**2 - 99*s + 810. Calculate w(90).
0
Let b(c) = -c**2 + 76*c - 1426. Give b(41).
9
Let k(y) = -3*y**3 - 49*y**2 + 17*y - 193. What is k(-17)?
96
Let l(w) = 3544*w - 21267. Determine l(6).
-3
Let u(c) = -16*c**2 + 186*c + 69. Give u(12).
-3
Let d(l) = -3369*l + 23587. What is d(7)?
4
Let r(g) = -4*g**2 + 168*g - 116. Calculate r(41).
48
Let u(s) = -s**2 - 48*s + 181. Give u(-51).
28
Let s(g) = -13561*g + 94905. What is s(7)?
-22
Let v(m) = 27*m**2 + 919*m + 33. What is v(-34)?
-1
Let l(y) = -y**2 + 39*y - 1031. Calculate l(17).
-657
Let n(t) = 97*t**2 + 105*t - 106. Calculate n(1).
96
Let k(g) = -1889*g - 7546. Calculate k(-4).
10
Let t(l) = -3*l**2 - 149*l + 358. What is t(-52)?
-6
Let f(m) = -28*m**2 + 148*m - 17. Calculate f(6).
-137
Let j(n) = 10*n**3 - 2*n**2 + 4*n - 1. Calculate j(1).
11
Let o(w) = -87*w + 1837. Calculate o(21).
10
Let r(s) = s**3 + 96*s**2 + 1728*s + 12. What is r(-72)?
12
Let b(o) = 442*o + 2209. Calculate b(-5).
-1
Let h(s) = 73*s**2 + 213*s - 10. Calculate h(-3).
8
Let u(y) = -23*y**2 - y - 19. Give u(-3).
-223
Let m(i) = 29*i + 288. What is m(-10)?
-2
Let y(h) = -57*h + 210. Determine y(4).
-18
Let n(u) = 24*u**2 + 631*u - 650. What is n(1)?
5
Let k(i) = i**2 + 133*i + 1964. What is k(-116)?
-8
Let v(s) = -6*s**2 + 19*s + 266. Give v(-11).
-669
Let k(r) = 40*r + 661. Give k(-18).
-59
Let p(q) = -796*q + 14280. Calculate p(18).
-48
Let t(k) = -70*k**3 - 1536*k**2 + 87*k - 24. Give t(-22).
-2
Let q(v) = -681*v - 103517. Calculate q(-152).
-5
Let h(t) = 14085*t - 28175. Determine h(2).
-5
Let r(s) = 80*s**2 + 676*s + 22. What is r(-8)?
-266
Let g(u) = -601*u - 453. What is g(-1)?
148
Let d(p) = p**2 - 468*p + 3669. Calculate d(8).
-11
Let f(o) = -12*o**2 + 256*o + 162. Determine f(22).
-14
Let h(x) = x**3 + 52*x**2 - 413*x + 10. Determine h(7).
10
Let k(a) = -317*a + 3506. Give k(11).
19
Let g(s) = -49*s + 4657. What is g(95)?
2
Let a(g) = 309*g**3 - 3*g**2 + 4*g + 1. Give a(-1).
-315
Let a(l) = 118*l + 6733. What is a(-57)?
7
Let x(g) = g**2 + 18*g - 29. Give x(0).
-29
Let z(p) = -26*p - 51. Determine z(0).
-51
Let l(w) = -147*w**2 + 15*w + 7. Calculate l(-1).
-155
Let l(q) = q**3 + 10*q**2 + 4*q. Calculate l(-9).
45
Let o(v) = 81*v + 577. What is o(-7)?
10
Let v(s) = 25*s**2 + 196*s + 153. Give v(-7).
6
Let m(y) = y**3 + 18*y**2 + 70*y + 22. What is m(-12)?
46
Let y(q) = 19389*q + 58167. Calculate y(-3).
0
Let n(r) = -3*r**2 